2. Suppose -3*t + 21 = x, 4*x + 2*t - r = 43. Calculate the highest common divisor of x and 14.
7
Let s be 88/((-6 + 1)/20). Let k be 5 - s - 9/(9/2). Calculate the greatest common factor of 5 and k.
5
Suppose 2*t = -23*t + 400. Suppose -3*a = -n, -n = -4*a + t - 15. What is the greatest common divisor of 201 and n?
3
Let v(r) = 23*r**2 - 858*r + 6822. Let u be v(8). Suppose 215 = 2*h + 5*i, 2*h + 5*i = 3*h - 115. Calculate the greatest common factor of h and u.
110
Let f = 171 + -146. Let b(g) = 5*g**2 + 25*g + 20. Let d be b(-9). What is the greatest common factor of f and d?
25
Suppose -2*s - 2178 = -2*o, -50*s = -2*o - 51*s + 2193. What is the greatest common divisor of 8 and o?
2
Suppose -432*x + 305*x = -162560. Calculate the greatest common factor of 60 and x.
20
Suppose -4*j - 2 = 5*x, -12 = -3*x + 1422*j - 1420*j. Calculate the greatest common factor of x and 79.
1
Let l be (9 + -1)/((-654)/66 + 10). Let q be (-3 - 4)*12/((-336)/220). Calculate the highest common factor of l and q.
11
Let r be 18*(26 + 2072/18). What is the greatest common factor of r and 90?
10
Let h(j) = 8*j**3 - 19*j**2 - 24*j**3 + 8*j**3 + 18 - 12*j + 7*j**3. Let b be h(-19). Calculate the highest common divisor of 6 and b.
6
Let h be -5*6/(-6 + 0). Let c(d) = 121*d + 35. Let i be c(h). Calculate the greatest common divisor of 64 and i.
64
Let x be 2 - 2/(-4)*(-448)/(-2). Calculate the highest common divisor of 24 and x.
6
Let n(c) = 378*c - 100. Suppose 0 = 2*m + 4*w + 10 - 24, -w = 4*m - 14. Let a be n(m). What is the highest common factor of 22 and a?
22
Suppose -2203 = 2*z - 14467. What is the greatest common divisor of z and 84?
84
Let n(z) be the second derivative of z**5/10 - z**4/12 + 3*z**2 + 6*z. Let i be n(0). Suppose i*c - 80 = c. What is the highest common divisor of 4 and c?
4
Let d = 6344 - 6274. Calculate the highest common divisor of 40 and d.
10
Let j be (643 - -8)/(-7)*-1. Calculate the greatest common factor of j and 1891.
31
Let w be 5/(25/2) - 2135/25. Let p = -83 - w. Suppose 3*l = 3*f + 51, 0 = -8*f + 5*f + 15. Calculate the greatest common divisor of p and l.
2
Let p be (0*6/42)/1. Suppose 5*m - 3 = 2, p = 4*l + 2*m - 650. Calculate the highest common factor of 18 and l.
18
Let b(c) = -c**2 - 9*c + 9. Let n be b(-8). Suppose n*p - 87 = 32. Calculate the highest common factor of 105 and p.
7
Let m = -148 + 593. Let k = 463 - m. Calculate the highest common divisor of 306 and k.
18
Suppose -7*j + 2*j + 5618 = 3*z, 10*j - 11212 = -2*z. Calculate the highest common factor of 168 and j.
56
Let n be -14*-10*3/6. Suppose -n = -12*l + 470. What is the greatest common divisor of 3 and l?
3
Let a(j) = 12*j - 43. Let i be a(4). Suppose 29*x = i*x + 1080. Calculate the greatest common divisor of x and 45.
45
Suppose 7*w - 2942 - 1615 = 0. Suppose -5*r = -4*p - 1645, 2*r - 3*p - w = -0*p. What is the highest common factor of 27 and r?
9
Let f = 332 - 314. Suppose -p = 5*w - 103, 0 = -4*p - p - w + 539. Calculate the highest common factor of p and f.
18
Let c(i) = -i**3 + 20*i**2 - 21*i + 52. Let z = 56 + -37. Let w be c(z). Calculate the highest common factor of 7 and w.
7
Let c = -39139 - -45367. Calculate the highest common factor of c and 27.
9
Let a(r) = -r**2 + 10*r - 467. Let i be a(0). Let z = -397 - i. Suppose 3*u = -5*g + 44, 0*u - 2*u - 4 = 0. Calculate the highest common divisor of z and g.
10
Let d be 0 + (2903 - 7) + 9. Calculate the greatest common divisor of 35 and d.
35
Let i be (15 - 25) + 80 + 10. Calculate the greatest common factor of 856 and i.
8
Suppose 58*i = 87262 - 13312. Calculate the highest common divisor of 375 and i.
75
Let f = -731 - -913. What is the highest common divisor of f and 1547?
91
Suppose -2*y - 5*c = -16, -5*c + c = 3*y - 17. Let o = 33 - y. Let i be (o - 3)/(2 + -1). What is the greatest common factor of i and 27?
27
Suppose 5*t = 0, -2*b + 7474 = -b - 19*t. What is the highest common factor of b and 222?
74
Suppose -i = 5*t - 29, i - 3*t - 173 = -4*i. Let p be (183 + 0)/3 - 7/(-1). Calculate the highest common factor of i and p.
34
Let x = 97 + -65. Suppose 0 = -x*m + 29*m + 240. Let d(s) = 3*s - 20. Let r be d(12). What is the highest common factor of r and m?
16
Let q(r) = 6*r**3 + r - 2. Let l be q(1). Suppose -972 = -2*n + 3*t, 3*t = l*n - 2693 + 281. Calculate the greatest common divisor of n and 30.
30
Let c be 6 + -2 - (-5 - 17). Let p be (63 + 1)/(c/91). Calculate the highest common divisor of p and 32.
32
Let r = 310 - 305. Suppose 29 = 4*u - 8*f + 3*f, 3*u - 23 = r*f. Calculate the greatest common factor of u and 4.
2
Let y be 54/2 + 0 + 1. Suppose 0 = 23*s + 163*s - 15218 - 922 - 4692. Calculate the highest common factor of y and s.
28
Let h = -57 - -92. Let i be h/(30/6)*30. Calculate the highest common factor of 30 and i.
30
Suppose 10*k - 14*k + 27 = p, 0 = 4*k - p - 21. Suppose -16 = -5*o + 4. Suppose -2*b = 2*r, 3*r - o*b - 21 = 7. What is the highest common factor of r and k?
2
Let l be ((-8)/(-6))/((-14)/(-525)). Suppose t + 7 = 0, -4*p + 893 - 65 = -4*t. Calculate the highest common factor of l and p.
50
Suppose -68 = -2*k - 2*o - 6, 0 = -3*o - 6. Let j = -1 + 5. Let g be ((-132)/(-48))/(((-2)/(-2))/j). What is the greatest common factor of k and g?
11
Suppose w + 48 = 23*y - 19*y, -5*y - 5*w = -60. Suppose -633 - 57 = -5*u. Calculate the greatest common factor of y and u.
6
Suppose -5*j = -q - 719, 176*j - 427 = 173*j + 5*q. What is the greatest common divisor of j and 2508?
12
Let y(x) = 54*x**2 - 56*x + 109. Let m be y(2). Calculate the highest common factor of 2840 and m.
71
Let t = 0 + 0. Let c(r) = r**3 - r**2 - r + 1. Let n be c(1). Suppose t = 2*m + g - 7 - 3, -4*g = n. Calculate the greatest common divisor of 40 and m.
5
Suppose 2*u + 5*n = 1806, 3*n + 1854 = -66*u + 68*u. Calculate the greatest common divisor of 72 and u.
18
Suppose -3*k - 3*k + 3*k = 0. Suppose -2*u - 20 + 40 = k. Suppose -4*n = -1 - 39. What is the greatest common factor of n and u?
10
Let s be (-7)/(-3 - 10/(-4)). Suppose 6 = -2*o + s. Suppose -38 = -l - 0*q + 2*q, 3*q = -o*l + 207. Calculate the highest common divisor of 12 and l.
12
Suppose 0 = -u + 132*c - 134*c + 160, -5*u = 2*c - 800. What is the greatest common factor of u and 128?
32
Let b = 112 - 71. Let y = 47 - b. Suppose y = -0*x + 3*x. Calculate the greatest common factor of x and 2.
2
Let x be 9 + 245/(-28) - (-6910)/8. Suppose 2103 + x = 43*j. What is the highest common factor of 529 and j?
23
Let z = 8063 - -3195. What is the greatest common divisor of z and 26?
26
Let u = 849 - 847. Let y = 240 - 124. Suppose 4*f + 4*o - y = o, -2*f + u*o = -72. What is the greatest common factor of 8 and f?
8
Let d(o) = -o**3 + 17*o**2 + 3. Suppose -133*t + 85 = -128*t. Let q be d(t). Suppose -x + 1 = -q. What is the greatest common factor of x and 36?
4
Suppose 2*m + 21 = h, -3*h + 3*m - 101 + 143 = 0. Suppose -4*a + 6*l + 52 = 5*l, -3*a - 3*l = -54. What is the highest common factor of h and a?
7
Let j = 5477 + -5417. Calculate the highest common divisor of j and 1335.
15
Let i = -836 + 988. Calculate the highest common factor of i and 4484.
76
Let d(x) = -8*x + 146. Let f be d(14). What is the highest common factor of 2 and f?
2
Suppose 0 = 4*t + t - 140. Let f = 9433 + -9421. Calculate the highest common divisor of t and f.
4
Suppose -13*p + 1434 + 516 = 0. Suppose t + q = 6*q + 49, -3*q + p = 4*t. Calculate the highest common divisor of 975 and t.
39
Let g be 78/(-1131) + (-779522)/(-29). What is the greatest common factor of g and 105?
105
Let y = -427 - -507. What is the greatest common factor of y and 115?
5
Suppose -8*u - 2204 = 741 - 15425. What is the greatest common factor of 2145 and u?
195
Suppose -4*d = -3*p, -2*d = -0*p - 4*p. Suppose p = -19*h + 4*h + 240. Let u be (-4)/14 - (-16)/7. Calculate the highest common divisor of h and u.
2
Let h = 5172 - 5162. What is the greatest common factor of 1465 and h?
5
Let k(f) = -17*f**3 + 6*f + 7. Let b be k(-3). Suppose 4*g = -4*o + 52, -11*o - g - 15 = -12*o. What is the highest common factor of b and o?
14
Let g be 66493/196 - (-5)/(-4). Suppose 8*v = 6*v + g. What is the greatest common divisor of 26 and v?
13
Suppose -2*n = 5*v - 139, 0 = 3*v - 2*v + 2*n - 31. Let s be 38 - 1098/30 - 38/(-5). Wh